{"id":14,"date":"2021-07-04T14:28:23","date_gmt":"2021-07-04T14:28:23","guid":{"rendered":"http:\/\/www.robloxkodlama.com\/?page_id=14"},"modified":"2021-07-04T14:51:43","modified_gmt":"2021-07-04T14:51:43","slug":"home","status":"publish","type":"page","link":"http:\/\/www.robloxkodlama.com\/","title":{"rendered":"Home"},"content":{"rendered":"\n<h2 class=\"has-text-align-center wp-block-heading\">Roblox Nedir ?<\/h2>\n\n\n\n<div class=\"wp-block-columns is-layout-flex wp-container-core-columns-is-layout-1 wp-block-columns-is-layout-flex\">\n<div class=\"wp-block-column is-layout-flow wp-block-column-is-layout-flow\" style=\"flex-basis:33.33%\">\n<figure class=\"wp-block-image size-large is-resized\"><img loading=\"lazy\" decoding=\"async\" src=\"http:\/\/www.atolyevizyon.com\/wp-content\/uploads\/2021\/04\/roblox.png\" alt=\"\" width=\"443\" height=\"274\"\/><\/figure>\n<\/div>\n\n\n\n<div class=\"wp-block-column is-layout-flow wp-block-column-is-layout-flow\" style=\"flex-basis:66.66%\">\n<p>Roblox, Roblox Corporation taraf\u0131ndan geli\u015ftirilen bir \u00e7evrimi\u00e7i oyun platformu ve oyun yaratma sistemidir. Kullan\u0131c\u0131lar\u0131n oyunlar\u0131\u00a0programlamas\u0131na ve di\u011fer kullan\u0131c\u0131lar taraf\u0131ndan olu\u015fturulan oyunlar\u0131 oynamas\u0131na olanak tan\u0131r.\u00a0Roblox, kullan\u0131c\u0131lar taraf\u0131ndan\u00a0Lua programlama dilinde kodlanm\u0131\u015f birden \u00e7ok t\u00fcrde oyunlara ev sahipli\u011fi yapmaktad\u0131r. Oyun, 2010\u2019lar\u0131n ikinci yar\u0131s\u0131nda h\u0131zla b\u00fcy\u00fcmeye ba\u015flad\u0131 ve bu b\u00fcy\u00fcme\u00a0COVID-19 pandemisiyle birlikte daha da h\u0131zland\u0131.<em>\u00a0Roblox<\/em>\u00a0\u00fccretsiz oynanabilir ve oyun i\u00e7i sat\u0131n al\u0131mlar \u201cRobux\u201d adl\u0131 sanal para birimi \u00fczerinden yap\u0131labilir. A\u011fustos 2020 itibar\u0131yla,\u00a0<em>Roblox<\/em>\u2018un 164 milyondan fazla ayl\u0131k aktif kullan\u0131c\u0131s\u0131 bulunmaktad\u0131r.<\/p>\n<\/div>\n<\/div>\n\n\n\n<hr class=\"wp-block-separator has-text-color has-background has-vivid-purple-background-color has-vivid-purple-color is-style-wide\"\/>\n\n\n\n<h2 class=\"has-text-align-center wp-block-heading\">\u00d6zellikleri Nelerdir ?<\/h2>\n\n\n\n<div class=\"wp-block-columns is-layout-flex wp-container-core-columns-is-layout-2 wp-block-columns-is-layout-flex\">\n<div class=\"wp-block-column is-layout-flow wp-block-column-is-layout-flow\" style=\"flex-basis:66.66%\">\n<ul class=\"wp-block-list\"><li>7 ile 16 ya\u015f aras\u0131ndaki \u00e7ocuklar i\u00e7in \u00e7ok ideal oyun programlama ve oyun oynama platformudur.<\/li><li>Windows, macOS, IOS, Android ve Xbox One platformlar\u0131nda Roblox oynanabilir.<\/li><li>Windows ve macOS cihazlar\u0131nda Roblox St\u00fcdyo indirilip oyun yaratabilir ve yaratt\u0131klar\u0131 oyunlar\u0131 Roblox oyuncular\u0131yla payla\u015fabilirler.<\/li><li>Tek ve \u00e7oklu oyuncu sistemiyle \u00e7al\u0131\u015f\u0131r.<\/li><\/ul>\n\n\n\n<p><a href=\"https:\/\/www.atolyevizyon.com\/roblox\/#\"><\/a><\/p>\n<\/div>\n\n\n\n<div class=\"wp-block-column is-layout-flow wp-block-column-is-layout-flow\" style=\"flex-basis:33.33%\">\n<figure class=\"wp-block-image size-large\"><img decoding=\"async\" src=\"http:\/\/www.atolyevizyon.com\/wp-content\/uploads\/2021\/04\/roblox-1.png\" alt=\"\"\/><\/figure>\n<\/div>\n<\/div>\n\n\n\n<hr class=\"wp-block-separator has-text-color has-background has-vivid-purple-background-color has-vivid-purple-color is-style-wide\"\/>\n\n\n\n<h2 class=\"has-text-align-center wp-block-heading\">Neler Yap\u0131labilir ?<\/h2>\n\n\n\n<div class=\"wp-block-columns is-layout-flex wp-container-core-columns-is-layout-3 wp-block-columns-is-layout-flex\">\n<div class=\"wp-block-column is-layout-flow wp-block-column-is-layout-flow\" style=\"flex-basis:33.33%\">\n<figure class=\"wp-block-image size-large\"><img decoding=\"async\" src=\"http:\/\/www.atolyevizyon.com\/wp-content\/uploads\/2021\/04\/roblox-2.png\" alt=\"\"\/><\/figure>\n<\/div>\n\n\n\n<div class=\"wp-block-column is-layout-flow wp-block-column-is-layout-flow\" style=\"flex-basis:66.66%\">\n<ul class=\"wp-block-list\"><li>Roblox st\u00fcdyo ara\u00e7lar\u0131 ve Lua programlama dili kullan\u0131larak oyunlar yap\u0131labilir.<\/li><li>Yap\u0131lan oyunlar\u0131n i\u00e7eri\u011fine g\u00f6re \u00e7ocuklar i\u00e7in e\u011fitici oyunlar yap\u0131labilir.<\/li><li>Robux adl\u0131 oyun para birimi ile oyun i\u00e7i avatar al\u0131m ve sat\u0131m\u0131 yap\u0131labilir.<\/li><li>Roblox st\u00fcdyoyu kullanarak hayal d\u00fcnyan\u0131zdaki evreni roblox d\u00fcnyas\u0131na aktarabilirsiniz.<\/li><\/ul>\n<\/div>\n<\/div>\n","protected":false},"excerpt":{"rendered":"<p>Roblox Nedir ? Roblox, Roblox Corporation taraf\u0131ndan geli\u015ftirilen bir \u00e7evrimi\u00e7i oyun platformu ve oyun yaratma sistemidir. Kullan\u0131c\u0131lar\u0131n oyunlar\u0131\u00a0programlamas\u0131na ve di\u011fer kullan\u0131c\u0131lar taraf\u0131ndan olu\u015fturulan oyunlar\u0131 oynamas\u0131na &hellip; <\/p>\n","protected":false},"author":1,"featured_media":0,"parent":0,"menu_order":0,"comment_status":"closed","ping_status":"closed","template":"","meta":{"footnotes":""},"class_list":["post-14","page","type-page","status-publish","hentry"],"_links":{"self":[{"href":"http:\/\/www.robloxkodlama.com\/index.php\/wp-json\/wp\/v2\/pages\/14","targetHints":{"allow":["GET"]}}],"collection":[{"href":"http:\/\/www.robloxkodlama.com\/index.php\/wp-json\/wp\/v2\/pages"}],"about":[{"href":"http:\/\/www.robloxkodlama.com\/index.php\/wp-json\/wp\/v2\/types\/page"}],"author":[{"embeddable":true,"href":"http:\/\/www.robloxkodlama.com\/index.php\/wp-json\/wp\/v2\/users\/1"}],"replies":[{"embeddable":true,"href":"http:\/\/www.robloxkodlama.com\/index.php\/wp-json\/wp\/v2\/comments?post=14"}],"version-history":[{"count":8,"href":"http:\/\/www.robloxkodlama.com\/index.php\/wp-json\/wp\/v2\/pages\/14\/revisions"}],"predecessor-version":[{"id":62,"href":"http:\/\/www.robloxkodlama.com\/index.php\/wp-json\/wp\/v2\/pages\/14\/revisions\/62"}],"wp:attachment":[{"href":"http:\/\/www.robloxkodlama.com\/index.php\/wp-json\/wp\/v2\/media?parent=14"}],"curies":[{"name":"wp","href":"https:\/\/api.w.org\/{rel}","templated":true}]}}